964800 a multiple of 354?
True
Does 314 divide 9869648?
True
Is 338 a factor of 3869762?
True
Is 24 a factor of 49574?
False
Is 105340 a multiple of 92?
True
Is 13 a factor of 25728?
False
Is 20 a factor of 2413?
False
Is 236 a factor of 1557079?
False
Does 209 divide 153824?
True
Is 108 a factor of 102348?
False
Is 6289362 a multiple of 18?
True
Is 14 a factor of 4892860?
True
Does 78 divide 200906?
False
Is 241 a factor of 377749?
False
Does 16 divide 414896?
True
Does 12 divide 357468?
True
Is 107716 a multiple of 6?
False
Is 5 a factor of 3050026?
False
Does 121 divide 6416371?
False
Is 25 a factor of 47550?
True
Is 27 a factor of 9599?
False
Does 119 divide 1796543?
True
Is 464628 a multiple of 96?
False
Does 19 divide 127652?
False
Is 22540 a multiple of 19?
False
Is 48 a factor of 143812?
False
Does 332 divide 747640?
False
Does 22 divide 91844?
False
Is 6918000 a multiple of 6?
True
Does 38 divide 8067894?
True
Is 993150 a multiple of 150?
True
Does 34 divide 109836?
False
Is 784 a factor of 27564656?
True
Is 203411 a multiple of 95?
False
Does 51 divide 26395152?
True
Is 142164 a multiple of 9?
True
Is 1781068 a multiple of 37?
False
Is 14481530 a multiple of 9?
False
Is 234122 a multiple of 98?
True
Is 9 a factor of 10692221?
False
Is 318 a factor of 581622?
True
Is 6 a factor of 1088480?
False
Is 2016 a multiple of 72?
True
Is 2691943 a multiple of 30?
False
Does 57 divide 1711596?
True
Does 91 divide 130976?
False
Is 7 a factor of 96606?
False
Is 47 a factor of 1637104?
True
Does 392 divide 2603435?
False
Is 34 a factor of 842724?
True
Is 456 a factor of 136800?
True
Does 66 divide 1102398?
True
Is 127800 a multiple of 8?
True
Is 30 a factor of 1906500?
True
Is 331 a factor of 1479239?
True
Is 91 a factor of 336649?
False
Does 17 divide 194225?
True
Is 131 a factor of 11260?
False
Does 6 divide 1213251?
False
Is 20363616 a multiple of 1911?
True
Is 58089 a multiple of 54?
False
Does 174 divide 17574?
True
Does 15 divide 1372350?
True
Is 363 a factor of 3276438?
True
Does 191 divide 24778?
False
Is 414948 a multiple of 151?
True
Does 27 divide 1948508?
False
Is 14 a factor of 3943968?
True
Is 9 a factor of 2506809?
False
Is 57 a factor of 905898?
False
Does 49 divide 9113982?
False
Is 74830 a multiple of 5?
True
Does 219 divide 368139?
True
Is 5455 a multiple of 29?
False
Is 667 a factor of 1048067?
False
Is 179227 a multiple of 2?
False
Does 408 divide 144024?
True
Is 712530 a multiple of 87?
True
Is 567698 a multiple of 44?
False
Is 13 a factor of 1667887?
True
Is 9 a factor of 126703?
False
Is 7 a factor of 133613?
False
Is 3742080 a multiple of 10?
True
Is 95 a factor of 8825240?
False
Is 212520 a multiple of 23?
True
Does 54 divide 3436776?
True
Is 60 a factor of 128220?
True
Is 3 a factor of 111558?
True
Does 27 divide 36125?
False
Is 421127 a multiple of 7?
True
Is 261 a factor of 2072177?
False
Does 11 divide 1549654?
False
Is 90644 a multiple of 13?
False
Is 22343442 a multiple of 11?
True
Is 642447 a multiple of 153?
True
Is 194556 a multiple of 372?
True
Is 26013 a multiple of 29?
True
Does 158 divide 8476858?
True
Is 48632 a multiple of 107?
False
Does 12 divide 1589684?
False
Does 62 divide 13337?
False
Is 17313 a multiple of 129?
False
Is 8 a factor of 26632?
True
Does 7 divide 1299263?
True
Does 111 divide 130980?
True
Is 129 a factor of 15444?
False
Is 9 a factor of 5381235?
True
Is 36520 a multiple of 166?
True
Is 1317958 a multiple of 85?
False
Is 1349641 a multiple of 555?
False
Is 16028 a multiple of 4?
True
Is 79 a factor of 150100?
True
Is 499490 a multiple of 213?
False
Does 138 divide 18329955?
False
Is 26 a factor of 238888?
True
Is 5 a factor of 166948?
False
Is 25 a factor of 489235?
False
Does 104 divide 2020474?
False
Is 34 a factor of 671126?
True
Does 38 divide 98458?
True
Is 31 a factor of 40424?
True
Does 20 divide 63640?
True
Does 54 divide 85241?
False
Is 37 a factor of 1261438?
False
Is 35 a factor of 351314?
False
Is 81 a factor of 164884?
False
Is 21205 even?
False
Does 223 divide 8675405?
False
Is 30513 a multiple of 7?
True
Does 543 divide 228753?
False
Is 178 a factor of 49240?
False
Is 955 a factor of 987470?
True
Does 14 divide 121814?
True
Is 4899169 a multiple of 23?
False
Is 69775 a multiple of 25?
True
Is 5 a factor of 95595?
True
Is 1046 a factor of 9768594?
True
Does 82 divide 231153?
False
Does 173 divide 2422?
True
Is 84 a factor of 20395284?
True
Is 148 a factor of 589188?
True
Is 10 a factor of 740740?
True
Does 672 divide 581056?
False
Is 23 a factor of 169326?
True
Does 306 divide 1326204?
True
Is 12 a factor of 777147?
False
Is 3338 a multiple of 13?
False
Is 628074 a multiple of 18?
True
Does 102 divide 53754?
True
Does 3 divide 203900?
False
Does 64 divide 2249344?
True
Is 222414 a multiple of 8?
False
Is 717496 a multiple of 26?
True
Is 507 a factor of 11532552?
False
Does 14 divide 704476?
False
Is 7 a factor of 251718?
False
Does 24 divide 1570752?
True
Is 208 a factor of 1429183?
False
Does 7 divide 15806?
True
Is 1104 a factor of 9064944?
True
Is 40 a factor of 169149?
False
Does 33 divide 237336?
True
Does 11 divide 17215?
True
Is 26694710 a multiple of 2429?
True
Is 503129 a multiple of 357?
False
Is 19 a factor of 151865?
False
Does 319 divide 2907612?
False
Is 112 a factor of 96100?
False
Does 21 divide 1003359?
True
Is 21541886 a multiple of 344?
False
Does 29 divide 990437?
True
Is 15 a factor of 2829689?
False
Does 957 divide 10140372?
True
Does 41 divide 1316961?
True
Is 4734878 a multiple of 6?
False
Is 952784 a multiple of 752?
True
Is 47 a factor of 251014?
False
Does 177 divide 82836?
True
Is 202 a factor of 167862?
True
Is 7892682 a multiple of 265?
False
Is 278572 a multiple of 527?
False
Is 82 a factor of 3360196?
True
Does 33 divide 100419?
True
Is 48111 a multiple of 12?
False
Does 5 divide 1986208?
False
Does 3 divide 121705?
False
Is 166 a factor of 10325533?
False
Does 6 divide 9936?
True
Is 82 a factor of 57368?
False
Is 54 a factor of 1345439?
False
Is 82674 a multiple of 27?
True
Does 9 divide 2514022?
False
Is 1936334 a multiple of 507?
False
Is 13 a factor of 753805?
True
Is 261 a factor of 492734?
False
Is 179 a factor of 17542?
True
Is 60 a factor of 618510?
False
Is 141 a factor of 16861203?
True
Is 417010 a multiple of 47?
False
Is 99 a factor of 400554?
True
Is 33 a factor of 111730?
False
Is 87794 a multiple of 7?
True
Is 8 a factor of 323566?
False
Does 11 divide 1699621?
True
Is 9 a factor of 1288896?
False
Does 105 divide 170165?
False
Does 4 divide 2631508?
True
Is 14 a factor of 68936?
True
Is 5 a factor of 438946?
False
Does 15 divide 593205?
True
Is 1505660 a multiple of 130?
True
Does 11 divide 7831923?
True
Is 250770 a multiple of 10?
True
Does 417 divide 8699845?
False
Is 774284 a multiple of 3?
False
Is 18938 a multiple of 7?
False
Is 7 a factor of 5109920?
False
Is 3148515 a multiple of 183?
True
Is 556554 a multiple of 111?
True
Does 3 divide 3391437?
True
Is 18410 a multiple of 4?
False
Is 8288416 a multiple of 179?
True
Does 106 divide 26191663?
False
Is 331159 a multiple of 207?
False
Does 345 divide 19878210?
True
Is 1284317 a multiple of 308?
False
Is 14 a factor of 2109534?
True
Does 177 divide 666759?
True
Is 129 a factor of 1609146?
True
Does 199 divide 653118?
True
Does 46 divide 5014?
True
Does 30 divide 414180?
True
Is 221220 a multiple of 9?
True
Does 47 divide 1989745?
True
Is 21842 a multiple of 22?
False
Is 748220 a multiple of 190?
True
Is 17 a factor of 21427446?
True
Is 1300 a factor of 17930900?
True
Does 80 divide 457540?
False
Is 24628 a multiple of 3?
False
Does 144 divide 3676855?
False
Is 2892420 a multiple of 10?
True
Is 17 a factor of 1060868?
True
Does 7 divide 739621?
False
Does 329 divide 52311?
True
Is 245395 a multiple of 17?
True
Does 667 divide 25346?
True
Is 8115918 a multiple of 106?
False
Is 2763882 a multiple of 162?
True
Does 216 divide 1256256?
True
Does 36 divide 1367496?
True
Is 15 a factor of 262773?
False
Is 4 a factor of 31362?
False
Does 51 divide 2201466?
True
Is 45 a factor of 10156950?
True
Is 2858692 a multiple of 236?
False
Is 262285 a multiple of 29?
False
Is 13 a factor of 210990?
True
Does 423 divide 410702?
False
Is 257 a factor of 1330774?
False
Is 522 a factor of 1504